 58776 = 28848. Suppose -149 = -5*z + c. List the prime factors of z.
2, 5, 19
Let y(j) = 22*j + 137. Let v be y(-6). Suppose 3*d + 4*o = 2016, -23*d + 26*d = v*o + 2016. What are the prime factors of d?
2, 3, 7
Let o = 25975 + -10783. What are the prime factors of o?
2, 3, 211
Let r(c) = c**2 - 12*c + 8. Let a be r(10). Let f(k) = k**3 + 9*k**2 - 25*k - 5. Let j be f(a). What are the prime factors of (-5 - -7)*j/(-2)*1?
137
Suppose -47*n = -42*n - 12555. What are the prime factors of n?
3, 31
Let v(h) be the third derivative of 19*h**5/30 - h**4/6 + h**3/2 - 2*h**2. Let w be v(1). Suppose -4*g + 67 = -w. What are the prime factors of g?
2, 13
Let j be (-4 - -3*(-3)/(-9)) + 11. Let c be -1 + 4/j + (-39)/(-6). Suppose -2*h + r + 150 = 0, -5*r = -c*h + 3*h + 232. What are the prime factors of h?
2, 37
Let t(d) = -d**3 - 16*d**2 - 9*d + 2. Suppose 11*l - 14*l = 51. List the prime factors of t(l).
2, 3, 37
Let a = -80 + 48. Let k = 216 - a. List the prime factors of k.
2, 31
Let j = 16282 - 7761. What are the prime factors of j?
8521
Let i = 107 - 106. Suppose -11 - i = 2*j + 4*m, -4*j - 5*m - 12 = 0. Let c(b) = 14*b**3 + b**2 + 6*b - 5. What are the prime factors of c(j)?
3, 41
Let p be (47 - 4)*73 - -2. Suppose -5*h + 3054 = -p. What are the prime factors of h?
3, 7, 59
Let r(m) = 11*m + 294 - m + 3*m - 5*m + 2*m**2. What are the prime factors of r(0)?
2, 3, 7
Suppose -3*x - 5*u = -320, 4*x + 0*x = -4*u + 424. Suppose x*h = 112*h - 2072. What are the prime factors of h?
2, 37
Suppose 10*k - 48 + 18 = 0. Suppose 0 = -0*g - k*g + 1395. Suppose 93 = x - 4*z + 2*z, -5*x + 4*z + g = 0. List the prime factors of x.
3, 31
Suppose -z + 65 = 6. Suppose 0 = 56*p - z*p + 393. Suppose -2*v + 3*v = p. List the prime factors of v.
131
Let r(i) = -i + 208*i**2 + 24*i**2 - i. Let g(n) = -n**3 - 2*n**2 - n - 1. Let v be g(-2). What are the prime factors of r(v)?
2, 5, 23
Suppose -66*q + 1162630 - 472755 = 59*q. List the prime factors of q.
5519
Let a(y) = -y**3 - 8*y**2 - 4*y + 8. Let c be a(-5). Let l = c + 77. List the prime factors of (52/(-8))/((-3)/l).
5, 13
Suppose z + 176 = 9*z. Suppose 0 = -2*u - z + 240. Suppose -u = -7*j + 108. List the prime factors of j.
31
Let m = -66847 + 140622. What are the prime factors of m?
5, 13, 227
Suppose 3*c - 5 - 31 = 0. Suppose -16*x + 22*x - c = 0. Suppose x*w - 81 - 13 = 0. List the prime factors of w.
47
Let d(h) = -h**3 - 4*h**2 - 12. Let a be 2/(-4)*6*(-26)/3. Suppose 4*n = 2 - a. What are the prime factors of d(n)?
2, 3, 5
List the prime factors of 6/15 - 3*44632/(-60).
2, 3, 31
Let u be 1152/12 - (-6 + 2). Suppose 3*s = 26 + u. Let d = -13 + s. List the prime factors of d.
29
Let j = 186 - 121. Suppose -4*d - j = -9*d. Let c = d + -7. What are the prime factors of c?
2, 3
Let x = -4889 + 35655. Suppose -20*o + x = -3434. List the prime factors of o.
2, 3, 5, 19
Suppose j + 3*c = 8292, 111*c + 24868 = 3*j + 112*c. List the prime factors of j.
3, 307
Suppose -30*h - 168884 + 157072 = -373042. What are the prime factors of h?
12041
List the prime factors of (-11 - (-5 - 1))*7/((-7)/2049).
3, 5, 683
Let o(h) = h**2 - 2*h + 3. Let x be o(0). Suppose -x*r + 3 = -2*r. Suppose 4*t + 193 = 4*b - 39, 0 = r*t + 6. List the prime factors of b.
2, 7
Let k(i) = i**3 + 4*i**2 + 5*i + 5. Let j be k(-4). Let r be (9 + -12)/(2/2). List the prime factors of (-10)/j - 148/r.
2, 5
Let c(j) = -2*j**2 - 17*j - 8. Let g be c(-8). Suppose g*k = 2*k - 722. What are the prime factors of k?
19
Let w = 34 - 35. Let n be (-94)/(-8) - (-2)/(-8)*w. List the prime factors of (n/(-1))/(3 + -4).
2, 3
Let p(c) be the first derivative of 5*c**3/6 - 7*c**2/2 - 3*c - 4. Let d(k) be the first derivative of p(k). What are the prime factors of d(18)?
83
Let p be 438 + 2 + (4/1)/4. Suppose 0 = -5*t + p - 221. List the prime factors of t.
2, 11
Suppose -2372 = 9*p + 1048. Let y = p - -764. List the prime factors of y.
2, 3
Let j(v) = 53*v - 10. Let a be j(2). Let s = 97 - a. List the prime factors of (14 - -15)*(s + 5 - -1).
7, 29
Let u(w) = 8829*w - 331. List the prime factors of u(1).
2, 7, 607
Let b = -107 + 107. List the prime factors of b + (-7)/((-28)/6060).
3, 5, 101
Let h(r) = -3*r**2 - 16*r - 6. Let y be h(-13). Let c = y - -615. What are the prime factors of c?
2, 5, 31
Let b(a) = a + 1. Let h(d) = -2*d - 1. Let r(n) = 7*b(n) + 4*h(n). Let w be r(0). List the prime factors of (-50)/w*90/(-20).
3, 5
Let b = -26454 + 45063. What are the prime factors of b?
3, 6203
Suppose -2 = -4*o - 2*t, -3*o = -o - 5*t + 5. Suppose o = 3*l - 1056 - 825. What are the prime factors of l?
3, 11, 19
Let j be (-86)/10 - (-10)/(-25). Let t(l) = l**3 + 5*l**2 - 8*l - 4. Let q be t(-5). Let u = q + j. List the prime factors of u.
3
Let d(k) = -7*k - 39. Let c be d(-15). Let q = c + 266. List the prime factors of q.
2, 83
Suppose 0 = -y - 0. Suppose 10*w - 2130 = -y*w. What are the prime factors of w?
3, 71
Let k = 933 - -4719. What are the prime factors of k?
2, 3, 157
Suppose -55 - 59 = -6*x. Let v = 455 + x. List the prime factors of v.
2, 3, 79
Suppose 4 = -p + 2, p = y - 2. Suppose v + 5*v - 390 = y. What are the prime factors of v?
5, 13
Let g(d) = 8*d**2 + 85*d + 18. Let w be g(-10). Suppose 12 = 2*r - 30. List the prime factors of r/(2 - (-52)/w).
2, 7
Let n be (-221036)/10 + -10 + 6/10. List the prime factors of ((-1)/(-3)*-1)/(39/n).
3, 7
Let y(d) = -25*d**3 - d**2 + d. Let z be y(1). Let t = -12 - z. Suppose t*l - 8*l - 405 = 0. What are the prime factors of l?
3
Suppose 4*u - 7 = 5. Suppose -4*d = -12, -3*d + 33 = -44*j + 41*j. List the prime factors of ((-912)/32)/(u/j).
2, 19
Let h = 636 + -240. Suppose 1704 = -4*u + h. Let q = -174 - u. What are the prime factors of q?
3, 17
Let h = 52 + -1. Suppose 10 = -4*k + 5*k. Suppose -k*r = -29 - h. What are the prime factors of r?
2
Let w = 37591 - 14774. What are the prime factors of w?
22817
Let m(c) = -8*c**3 - 13*c**2 + 6*c + 14. Let g be (12 + -18)*(-3 + (1 - -3)). List the prime factors of m(g).
2, 619
Let c be 1/(-2)*(-42)/21. What are the prime factors of (201 + c)*3/6?
101
Let d = 12 + 12. Suppose -d*a = -28514 - 9718. List the prime factors of a.
3, 59
Let t be ((-7)/14)/((-2)/20). Suppose -2*o + 4*k + 208 = 0, -2*o - 5*k + 185 = -t. Suppose -a = 3*p - 57, -o - 48 = -4*a + 4*p. List the prime factors of a.
2, 3, 7
Let y = -323 - -328. Suppose 4*v + 0*t = 4*t + 1672, y*v - 3*t - 2096 = 0. What are the prime factors of v?
421
Let c = -21 - -23. Let p(k) = 2 + 1 + 6*k + k**2 + 2*k**2 - k**c. List the prime factors of p(-3).
3
Let x = 65 + -70. Let t be x/(-60)*4 + (-1563)/(-9). Let a = 305 - t. List the prime factors of a.
131
Suppose 0 = -v + 4*t + 525, -35*v - 2*t + 2471 = -30*v. What are the prime factors of v?
7, 71
Let x(j) = 4*j**2 - 2*j + 1. Let p be x(1). Let y(u) = 74*u - u**p - 76*u - 9*u**2 + 2 + 5*u**2. What are the prime factors of y(-6)?
2, 43
Suppose -2*b + 3 = -7. Suppose b*q + 655 = 5*u, 5*u + 4*q - 610 = -0*u. Suppose u = 11*z - 8*z. List the prime factors of z.
2, 3, 7
Let s = 77141 - 28272. What are the prime factors of s?
48869
Suppose 5*k = -5, -3*x - 2*k - 399 = -5*k. Let a = x + 259. List the prime factors of 1*a - -1 - (-28 - -30).
2, 31
What are the prime factors of (-12)/(-24)*-2 + -1*123594/(-3)?
13, 3169
Let b(u) be the second derivative of 13*u**3/3 - 56*u**2 - 2*u + 19. What are the prime factors of b(15)?
2, 139
Suppose -t + 0*t = -60. Let c be 15/((t/16)/(-5)). Let z = 1 - c. List the prime factors of z.
3, 7
Suppose 5*i + 6 = 3*o + 114, -i - 3*o = 0. List the prime factors of i.
2, 3
Let h = -27 - -29. Let x be (-32)/112 - (332/7)/h. Let v = -10 - x. What are the prime factors of v?
2, 7
Let d = -129 + -666. Let x = -456 - d. List the prime factors of x.
3, 113
Let n = 66612 + -36704. Suppose 1688 - n = -17*i. List the prime factors of i.
2, 5, 83
Suppose -j - 4*d + 90 = 0, -14*d = -3*j - 11*d + 225. Suppose 0 = -2*u + 326 + j. What are the prime factors of u?
2, 101
Let f(c) = -10*c - 21. Let b(j) = -10*j - 23. Let x(p) = -3*b(p) + 4*f(p). List the prime factors of x(-21).
3, 5, 13
Let y = 1326 + 3768. List the prime factors of (5/(-30)*-2)/(2/y).
3, 283
Let i be (273/182)/((-6)/4 + 1). What are the prime factors of ((-54)/10 + i)*-130?
2, 3, 7, 13
Let t(x) = -x**3 + 3*